{"id":119,"date":"2019-03-10T20:30:23","date_gmt":"2019-03-10T19:30:23","guid":{"rendered":"https:\/\/xn--sngerkreis-elbe-havel-51b.de\/skeh\/?page_id=119"},"modified":"2026-01-28T15:17:57","modified_gmt":"2026-01-28T14:17:57","slug":"119-2","status":"publish","type":"page","link":"https:\/\/sk-elbe-havel.de\/?page_id=119","title":{"rendered":"Frauenchor Genthin e.V."},"content":{"rendered":"<figure><img decoding=\"async\" style=\"width: 604px; height: 453px;\" src=\"https:\/\/sk-elbe-havel.de\/skeh\/wp-content\/uploads\/2019\/03\/fc830e8658234843b74da343dddbebd4.jpg\" alt=\"\" \/><\/figure>\n<p><!-- \/wp:post-content --><!-- wp:paragraph --><\/p>\n<p><strong>Vorsitzende:<\/strong><br \/>Gabriella Riebe<br \/>Kleinwusterwitzer Str. 14<br \/>39319 Jerichow\u00a0<br \/>Tel.: +49 39348 50670\u00a0\u00a0<br \/>e-mail: <a href=\"mailto:riebchen1961@googlemail.com\">riebchen1961@googlemail.com<\/a><\/p>\n<p><!-- \/wp:paragraph --><!-- wp:paragraph --><\/p>\n<p><strong>Schriftf\u00fchrerin\/Overso Admin:<\/strong><br \/>Elvira Barske<br \/>e-mail\u00a0 <a target=\"_blank\" rel=\"noreferrer noopener\">E.K.gnt@gmx.de<\/a><\/p>\n<p><!-- \/wp:paragraph --><!-- wp:paragraph --><\/p>\n<p><strong>Chorleiter:<\/strong><br \/>Dirk Linnemann<br \/>Hdy:+49 174 1823631<br \/>e-mail:\u00a0 <a target=\"_blank\" rel=\"noreferrer noopener\">Dirk.Linnemann@hwmc-genthin.de<\/a><\/p>\n<p><!-- \/wp:paragraph --><!-- wp:paragraph --><\/p>\n<p>Der Frauenchor Genthin ging aus dem Gemischten Chor<br \/>des VEB Waschmittelwerk , der am 20.September 1953<br \/>gegr\u00fcndet wurde, hervor.<br \/><br \/>Die m\u00e4nnlichen S\u00e4nger sind mit der Zeit aus Altersgr\u00fcnden ausgeschieden<br \/>oder zu den M\u00e4nnerch\u00f6ren gewechselt.<br \/><br \/>Heute sind im Chor 22 aktive S\u00e4ngerinnen.<br \/>Das Programm des Chores ist sehr Umfang reich .<br \/>z.B. Teilnahme an den Konzerten in der Klosterkirche zu Jerichow oder<br \/>den S\u00e4ngertreffen des S\u00e4ngerkreises Elbe-Havel.<br \/>Weiterhin umrahmen wir Weihnachtsfeier bei den Gruppen<br \/>der Volkssolidarit\u00e4t und in den Altenheimen.<br \/>Jedes Jahr veranstaltet der Frauenchor Genthin<br \/>gemeinsam mit dem Handwerker M\u00e4nnerchor Genthin<br \/>in der Trinitatiskirche 2 Konzerte,<br \/>zum Tag der Einheit und zur Weihnachtsfeier der Stadt Genthin.<br \/>Unser Chor ist \u00fcber die Grenzen des Jerichower Land bekannt und<br \/>dar\u00fcber hinaus t\u00e4tig.<br \/><br \/><\/p>\n<p><!-- \/wp:paragraph --><\/p>","protected":false},"excerpt":{"rendered":"<p>Vorsitzende:Gabriella RiebeKleinwusterwitzer Str. 1439319 Jerichow\u00a0Tel.: +49 39348 50670\u00a0\u00a0e-mail: riebchen1961@googlemail.com Schriftf\u00fchrerin\/Overso Admin:Elvira Barskee-mail\u00a0 E.K.gnt@gmx.de Chorleiter:Dirk LinnemannHdy:+49 174 1823631e-mail:\u00a0 Dirk.Linnemann@hwmc-genthin.de Der Frauenchor Genthin ging aus dem Gemischten Chordes VEB Waschmittelwerk , der am 20.September 1953gegr\u00fcndet wurde, hervor. Die m\u00e4nnlichen S\u00e4nger sind mit der Zeit aus Altersgr\u00fcnden ausgeschiedenoder zu den M\u00e4nnerch\u00f6ren gewechselt. Heute sind im Chor 22 aktive &hellip; <a href=\"https:\/\/sk-elbe-havel.de\/?page_id=119\" class=\"more-link\"><span class=\"screen-reader-text\">\u201eFrauenchor Genthin e.V.\u201c <\/span>weiterlesen<\/a><\/p>\n","protected":false},"author":1,"featured_media":0,"parent":83,"menu_order":0,"comment_status":"closed","ping_status":"closed","template":"","meta":{"ngg_post_thumbnail":0,"footnotes":""},"class_list":["post-119","page","type-page","status-publish","hentry"],"_links":{"self":[{"href":"https:\/\/sk-elbe-havel.de\/index.php?rest_route=\/wp\/v2\/pages\/119","targetHints":{"allow":["GET"]}}],"collection":[{"href":"https:\/\/sk-elbe-havel.de\/index.php?rest_route=\/wp\/v2\/pages"}],"about":[{"href":"https:\/\/sk-elbe-havel.de\/index.php?rest_route=\/wp\/v2\/types\/page"}],"author":[{"embeddable":true,"href":"https:\/\/sk-elbe-havel.de\/index.php?rest_route=\/wp\/v2\/users\/1"}],"replies":[{"embeddable":true,"href":"https:\/\/sk-elbe-havel.de\/index.php?rest_route=%2Fwp%2Fv2%2Fcomments&post=119"}],"version-history":[{"count":14,"href":"https:\/\/sk-elbe-havel.de\/index.php?rest_route=\/wp\/v2\/pages\/119\/revisions"}],"predecessor-version":[{"id":1359,"href":"https:\/\/sk-elbe-havel.de\/index.php?rest_route=\/wp\/v2\/pages\/119\/revisions\/1359"}],"up":[{"embeddable":true,"href":"https:\/\/sk-elbe-havel.de\/index.php?rest_route=\/wp\/v2\/pages\/83"}],"wp:attachment":[{"href":"https:\/\/sk-elbe-havel.de\/index.php?rest_route=%2Fwp%2Fv2%2Fmedia&parent=119"}],"curies":[{"name":"wp","href":"https:\/\/api.w.org\/{rel}","templated":true}]}}